et g(v) = 2256*v + 342. What is g(-1)?
-1914
Let y(m) = -6*m**2 + 6301*m - 56251. Give y(9).
-28
Let n(j) = -4421*j - 822299. Calculate n(-186).
7
Let v(j) = 86*j**3 + 14*j**2 - 95*j - 108. Calculate v(-1).
-85
Let j(a) = -85*a**2 + 4789*a - 6276. Calculate j(55).
-6
Let c(i) = i**3 + 202*i**2 + 397*i + 1062. What is c(-200)?
1662
Let b(h) = 5944*h - 71402. Calculate b(12).
-74
Let r(v) = -55037*v + 110079. Determine r(2).
5
Let u(j) = -2492*j + 583002. Determine u(234).
-126
Let v(x) = -104536*x + 8362881. Calculate v(80).
1
Let h(p) = -5*p**2 + 8348*p + 41696. Give h(-5).
-169
Let c(u) = 116*u**3 - 2089*u**2 - 87*u + 1894. Give c(18).
4
Let p(w) = -w**2 + 68*w + 1189. Determine p(70).
1049
Let g(x) = -6806*x + 94865. Calculate g(14).
-419
Let a(v) = -v**2 + 89*v - 1858. Give a(30).
-88
Let g(c) = c**2 - 16555*c - 1514788. What is g(-91)?
-2
Let l(x) = 144*x**2 + 2477*x + 3. Determine l(-17).
-490
Let o(g) = 57133*g - 228532. Determine o(4).
0
Let w(c) = -2088*c + 557504. Give w(267).
8
Let o(y) = -209*y + 3055. Give o(14).
129
Let k(t) = t**2 - 1145*t - 872359. Determine k(-523).
5
Let v(n) = -25652*n - 513044. What is v(-20)?
-4
Let b(x) = 597*x + 20164. What is b(-34)?
-134
Let y(z) = -z**2 - 6018*z - 30118. Calculate y(-5).
-53
Let w(d) = 4415*d - 688750. Calculate w(156).
-10
Let z(w) = -103*w**2 - 35437*w - 1776. Give z(-344).
-56
Let g(v) = -2*v**3 - 20*v**2 + 207*v - 101. What is g(6)?
-11
Let b(y) = -y**3 - 27*y**2 - 11*y - 149. Calculate b(-27).
148
Let z(d) = -d**2 - 38*d + 26030. What is z(-178)?
1110
Let n(m) = -143*m**2 + 8006*m + 117. Determine n(56).
5
Let k(t) = -11867*t + 82215. Give k(7).
-854
Let j(c) = -c**3 - 148*c**2 - 117*c + 4641. What is j(-147)?
231
Let y(h) = -225*h**2 - 661*h - 46. Give y(-3).
-88
Let p(g) = -171721*g + 10818417. What is p(63)?
-6
Let y(w) = -17*w**3 + 250*w**2 + 239*w + 1799. Determine y(16).
-9
Let f(o) = 2*o**3 - 70*o**2 - 70*o - 581. What is f(36)?
-509
Let k(l) = l**3 + 173*l**2 - 7038*l - 65. What is k(-207)?
-65
Let d(g) = 6740*g - 1300826. Give d(193).
-6
Let c(j) = j**3 - 105*j**2 - 86*j + 39941. Calculate c(102).
-43
Let p(i) = -2*i**2 + 176*i + 1638. What is p(-11)?
-540
Let f(q) = 2686*q + 96549. Give f(-36).
-147
Let x(p) = -68797*p + 619326. Determine x(9).
153
Let t(g) = -g**3 - 990*g**2 - 5934*g - 186. What is t(-6)?
-6
Let i(g) = -913*g + 86738. Give i(95).
3
Let q(z) = z**2 - 2089*z - 8374. Give q(-4).
-2
Let t(m) = -m**3 + 336*m**2 - 1659*m + 16. Calculate t(5).
-4
Let s(b) = -12755*b + 1454057. Calculate s(114).
-13
Let y(i) = -1005*i**3 + 6062*i**2 + 5*i + 19. Determine y(6).
1201
Let c(g) = 2640*g + 73896. Give c(-28).
-24
Let v(c) = -4634*c - 74650. Calculate v(-16).
-506
Let n(d) = -13*d**2 + 719*d + 1265. What is n(57)?
11
Let t(f) = 870*f - 16555. Give t(19).
-25
Let v(q) = 4675*q - 1224859. Give v(262).
-9
Let t(l) = -27*l**2 + 112*l + 1643. What is t(-6)?
-1
Let c(n) = 6*n**2 - 415*n - 24460. Determine c(-38).
-26
Let r(u) = 369*u + 114731. Determine r(-311).
-28
Let m(o) = 35*o**3 - 13*o**2 - 49*o - 30. Determine m(-2).
-264
Let u(h) = -10*h**2 - 7452*h + 83190. Determine u(11).
8
Let j(m) = 2*m**2 - 73*m - 5580. Calculate j(74).
-30
Let z(o) = o**3 + 145*o**2 + 565*o + 225. Give z(-141).
84
Let k(n) = 4*n**2 - 17799*n + 35594. Give k(2).
12
Let r(n) = 1832*n + 79860. Determine r(-45).
-2580
Let n(z) = -67*z**2 + 370*z + 1097. What is n(-3)?
-616
Let t(q) = -183*q + 7437. Give t(40).
117
Let k(o) = 6660*o + 286385. What is k(-43)?
5
Let y(o) = -1312*o + 25421. Give y(19).
493
Let n(w) = -w**2 - 4193*w - 128719. Give n(-31).
303
Let b(o) = 83743*o - 334871. What is b(4)?
101
Let i(n) = 4*n**2 + 2619*n + 330886. Give i(-171).
1
Let j(g) = -4*g**2 - 576*g - 2207. Calculate j(-4).
33
Let o(a) = 8346*a - 50103. Determine o(6).
-27
Let d(v) = -v**3 - 164*v**2 - 1385*v + 1517. Give d(-155).
-33
Let a(y) = -9575*y**2 - 38300*y - 10. Determine a(-4).
-10
Let i(r) = -7674*r + 35425. Calculate i(5).
-2945
Let z(q) = 13*q**3 + 349*q**2 + 62*q + 3130. Give z(-27).
-2
Let s(i) = 517*i**2 + 5134*i - 207. What is s(-10)?
153
Let q(w) = 402*w + 46175. Calculate q(-113).
749
Let m(d) = -67*d - 1315. What is m(-3)?
-1114
Let x(q) = -13*q**2 - 821*q - 12824. What is x(-28)?
-28
Let c(k) = -100*k**3 + 173*k**2 + 526*k + 2. What is c(-3)?
2681
Let x(z) = z**3 - 51*z**2 - 293*z - 97. Calculate x(56).
-825
Let v(g) = -15*g**3 + 386*g**2 + 27*g + 13. What is v(26)?
-1989
Let p(f) = f**3 - 4*f**2 - 825*f + 5676. Give p(7).
48
Let m(s) = 8*s**3 + 2*s**2 + 3995*s - 8039. Calculate m(2).
23
Let o(l) = -292*l - 95468. What is o(-327)?
16
Let p(f) = -19968*f + 320060. Determine p(16).
572
Let w(d) = 14*d**2 + 998*d + 14359. What is w(-20)?
-1
Let u(o) = -12*o**2 + 787*o + 5563. What is u(72)?
19
Let o(m) = -6160*m**2 - 43122*m + 4. What is o(-7)?
18
Let z(f) = -5*f**3 + 172*f**2 - 657*f + 222. Give z(4).
26
Let b(c) = -92*c**3 - 10*c**2. What is b(-3)?
2394
Let z(k) = 4*k**2 + 3592*k + 35481. What is z(-10)?
-39
Let n(s) = -65*s**2 + 2714*s - 11440. Determine n(37).
-7
Let m(l) = -15*l**2 + 653*l - 5204. What is m(33)?
10
Let v(p) = 17929*p**2 - 1255034*p + 286. Determine v(70).
6
Let f(o) = 2*o**3 - 72*o**2 + 12*o + 2012. What is f(35)?
-18
Let x(r) = -r**2 + 1035*r - 258785. Determine x(423).
91
Let x(a) = 861*a + 503. Calculate x(0).
503
Let p(z) = 173*z + 2786. Calculate p(-20).
-674
Let a(c) = -c**2 + 62*c - 589. Calculate a(59).
-412
Let j(t) = -t**3 + 288*t**2 - 257*t - 9596. What is j(287)?
-986
Let t(g) = g**3 - 61*g**2 + 1772*g - 29042. Calculate t(34).
-6
Let i(a) = -a**3 + 295*a**2 + 2057*a + 17174. Determine i(302).
-40
Let g(v) = -115*v**2 + 685*v + 22. Give g(6).
-8
Let m(r) = 2158*r - 34789. Determine m(15).
-2419
Let l(i) = -i**3 + 76*i**2 - 763*i - 98. Give l(12).
-38
Let d(r) = 2*r**3 + 112*r**2 + 984*r + 41478. What is d(-54)?
6
Let f(s) = 452*s - 1563. Determine f(3).
-207
Let y(d) = 441*d**2 + 4*d + 47. What is y(1)?
492
Let x(a) = 190740*a - 1144467. Determine x(6).
-27
Let m(v) = -v**3 + 11*v**2 + 52*v + 74. What is m(16)?
-374
Let t(z) = -12*z**2 - 278*z - 1411. Determine t(-7).
-53
Let l(x) = 2*x**3 - 29*x**2 - 1343*x + 21690. Determine l(17).
304
Let n(j) = -3*j**3 + 32*j**2 - 158*j - 1. Determine n(5).
-366
Let h(x) = 1010*x + 60533. What is h(-60)?
-67
Let l(b) = -6*b**2 - 480*b - 4889. Determine l(-12).
7
Let s(c) = -c**3 + 317*c**2 + 8922*c - 1659. Give s(343).
-287
Let u(j) = 3328*j**2 + 13240*j - 291. What is u(-4)?
-3
Let y(u) = 12522*u - 7500652. What is y(599)?
26
Let m(g) = -g**3 + 27*g**2 - 80*g - 416. Determine m(25).
-1166
Let h(i) = -i**3 - 12*i**2 + 93*i + 1011. Calculate h(-10).
-119
Let r(h) = 35*h**2 + 15254*h - 2379. Calculate r(-436).
237
Let u(a) = 363*a - 28610. Give u(80).
430
Let h(f) = -4*f**3 - 135*f**2 - 871*f + 5. Calculate h(-9).
-175
Let w(z) = 1582*z + 136827. Determine w(-87).
-807
Let w(x) = -3976*x + 51702. Calculate w(13).
14
Let l(s) = -s**3 + 97*s**2 - 1533*s - 22217. Give l(71).
6
Let n(z) = -z**3 - 55*z**2 + 45*z + 301. What is n(-56)?
917
Let j(g) = -22*g**3 + 3*g**2 + 31*g + 87. Give j(-3).
615
Let f(q) = 3*q**3 - 188*q**2 + 20*q - 4621. Give f(63).
608
Let s(u) = 5*u**3 - 31*u**2 - 28*u + 84. Calculate s(6).
-120
Let y(x) = -2*x**2 + 87*x - 808. Calculate y(26).
102
Let g(a) = a**3 - 4*a**2 + 901*a - 973. Give g(0).
-973
Let i(h) = -h**2 + 1637*h + 110567. Give i(-65).
-63
Let o(k) = -4443*k + 37288. Determine o(8).
1744
Let o(m) = -9884*m - 13452095. Determine o(-1361).
29
Let y(s) = -s**2 - 11347*s + 1445606. Calculate y(126).
8
Let s(f) = 545*f**2 + 100826*f + 192. Give s(-185).
7
Let u(q) = 17*q**2 - 10740*q - 45787. What is u(636)?
5
Let a(n) = -5*n**3 - 57*n**2 - 25. Determine a(5).
-2075
Let t(b) = -5*b**3 - 560*b**2 - 5*b - 369. Give t(-112).
191
Let g(a) = 20*a**2 + 322*a + 321. Give g(-15).
-9
Let b(y) = 5897066*y + 29485324. Calculate b(-5).
-6
Let s(o) = 70332*o - 984669. Determine s(14).
-21
Let c(n) = n**3 - 171*n**2 - 1434*n + 137. Give c(179).
-221
Let q(z) = -z**2 + 65*z - 749. What is q(12)?
-113
Let z(o) = -75*o**2 + 3703*o + 11107. Give z(-3).
-677
Let w(g) = 3*g**3 + 3*g**2 - 136*g - 46. Determine w(-9).
-766
Let u(o) = 7575*o + 954506. What is u(-126)?
56
Let v(n) = -60664*n + 121345. Determine v(2).
17
L